{"id":2,"date":"2020-02-25T10:25:42","date_gmt":"2020-02-25T10:25:42","guid":{"rendered":"https:\/\/www.holzbau-bohlmann.de\/?page_id=2"},"modified":"2021-03-25T18:03:40","modified_gmt":"2021-03-25T18:03:40","slug":"sample-page","status":"publish","type":"page","link":"https:\/\/www.holzbau-bohlmann.de\/","title":{"rendered":"Startseite"},"content":{"rendered":"\n<p>Unsere Leistungen sind Dachst\u00fchle, Carports, Vord\u00e4cher, Innenausbau, H\u00e4user aus Holzrahmenbau und Ausf\u00fchrung s\u00e4mtlicher Dachdeckerarbeiten.<\/p>\n\n\n\n<p>Au\u00dferdem \u00fcbernehmen wir die energetische Sanierung von Altd\u00e4chern.<\/p>\n\n\n\n<p>Die Betriebsst\u00e4tte befindet sich in Nottendsorf am Bliedersdorfer Weg 2.<\/p>\n\n\n\n<p>Sie erreichen uns wie folgt:<\/p>\n\n\n\n<p>Telefon: 04141 7975500<\/p>\n\n\n\n<p>Telefax: 04141 7975508<\/p>\n\n\n\n<p>Email: info@holzbau-bohlmann.de<\/p>\n\n\n\n<p>Bei s\u00e4mtlichen Bauvorhaben legen wir gro\u00dfen Wert auf Qualit\u00e4t und saubere Ausf\u00fchrung und erlangen so eine hohe Kundenzufriedenheit. .&nbsp;<\/p>\n\n\n\n<p><\/p>\n\n\n\n<p><\/p>\n","protected":false},"excerpt":{"rendered":"<p>Unsere Leistungen sind Dachst\u00fchle, Carports, Vord\u00e4cher, Innenausbau, H\u00e4user aus Holzrahmenbau und Ausf\u00fchrung s\u00e4mtlicher Dachdeckerarbeiten. Au\u00dferdem \u00fcbernehmen wir die energetische Sanierung von Altd\u00e4chern. Die Betriebsst\u00e4tte befindet sich in Nottendsorf am Bliedersdorfer Weg 2. Sie erreichen uns wie folgt: Telefon: 04141 7975500 Telefax: 04141 7975508 Email: info@holzbau-bohlmann.de Bei s\u00e4mtlichen Bauvorhaben legen wir gro\u00dfen Wert auf Qualit\u00e4t und [&hellip;]<\/p>\n","protected":false},"author":5,"featured_media":0,"parent":0,"menu_order":0,"comment_status":"closed","ping_status":"open","template":"","meta":[],"_links":{"self":[{"href":"https:\/\/www.holzbau-bohlmann.de\/index.php?rest_route=\/wp\/v2\/pages\/2"}],"collection":[{"href":"https:\/\/www.holzbau-bohlmann.de\/index.php?rest_route=\/wp\/v2\/pages"}],"about":[{"href":"https:\/\/www.holzbau-bohlmann.de\/index.php?rest_route=\/wp\/v2\/types\/page"}],"author":[{"embeddable":true,"href":"https:\/\/www.holzbau-bohlmann.de\/index.php?rest_route=\/wp\/v2\/users\/5"}],"replies":[{"embeddable":true,"href":"https:\/\/www.holzbau-bohlmann.de\/index.php?rest_route=%2Fwp%2Fv2%2Fcomments&post=2"}],"version-history":[{"count":4,"href":"https:\/\/www.holzbau-bohlmann.de\/index.php?rest_route=\/wp\/v2\/pages\/2\/revisions"}],"predecessor-version":[{"id":61,"href":"https:\/\/www.holzbau-bohlmann.de\/index.php?rest_route=\/wp\/v2\/pages\/2\/revisions\/61"}],"wp:attachment":[{"href":"https:\/\/www.holzbau-bohlmann.de\/index.php?rest_route=%2Fwp%2Fv2%2Fmedia&parent=2"}],"curies":[{"name":"wp","href":"https:\/\/api.w.org\/{rel}","templated":true}]}}